common divisor of 54 and 24860670.
6
Calculate the highest common divisor of 10643 and 67077.
29
What is the greatest common divisor of 164528 and 7910?
1582
Calculate the highest common factor of 20796 and 25044.
12
Calculate the greatest common factor of 381180003 and 2487.
2487
Calculate the greatest common factor of 7524 and 22590601.
209
What is the greatest common factor of 3542 and 201603556?
3542
Calculate the highest common divisor of 2850 and 952608.
6
What is the greatest common divisor of 98984108 and 172?
172
What is the greatest common factor of 421 and 937280299?
421
What is the greatest common factor of 66 and 2789718?
6
What is the highest common divisor of 188250464 and 24?
8
What is the greatest common factor of 84280547 and 1908?
53
What is the greatest common divisor of 24827582 and 3094?
442
What is the greatest common divisor of 2883 and 530565?
93
What is the greatest common divisor of 1693440 and 5145?
735
What is the greatest common divisor of 1905 and 100829745?
1905
Calculate the greatest common factor of 777 and 205669569.
777
What is the highest common divisor of 3981868 and 902?
22
What is the greatest common divisor of 5647994 and 220?
22
Calculate the greatest common divisor of 150 and 2223170.
10
Calculate the greatest common divisor of 526 and 60812438.
526
Calculate the greatest common divisor of 21792 and 2590368.
96
Calculate the greatest common divisor of 856907140 and 40.
20
Calculate the greatest common divisor of 258 and 11251208.
86
Calculate the greatest common factor of 1740334 and 38494.
2026
Calculate the highest common divisor of 1888465 and 784045.
1165
What is the highest common factor of 19638 and 9558251?
1091
What is the greatest common factor of 50148 and 1730232?
252
What is the highest common divisor of 4 and 20410618?
2
Calculate the highest common divisor of 7920180 and 270.
270
Calculate the greatest common divisor of 361 and 1394714.
19
What is the greatest common divisor of 21806414 and 6118?
266
Calculate the greatest common divisor of 450466 and 2091.
17
What is the highest common divisor of 50464 and 65816?
152
What is the greatest common divisor of 6783 and 127680?
399
Calculate the greatest common divisor of 2158014 and 24.
6
What is the greatest common factor of 1825040 and 670?
10
Calculate the greatest common factor of 148 and 35782996.
148
What is the greatest common factor of 1625 and 303247750?
1625
Calculate the greatest common factor of 264023 and 137448.
83
Calculate the highest common factor of 5089387 and 603.
67
Calculate the greatest common factor of 16306542 and 482.
482
What is the greatest common factor of 108 and 1056764?
4
What is the highest common factor of 181707455 and 3130?
1565
Calculate the greatest common divisor of 3070832 and 61360.
944
What is the highest common divisor of 86274 and 6582?
6
What is the greatest common factor of 22843 and 478007?
53
What is the highest common factor of 35427960 and 840?
120
Calculate the greatest common divisor of 21 and 3622390989.
21
Calculate the highest common factor of 8298 and 33190617.
1383
Calculate the greatest common factor of 676 and 154600186.
338
Calculate the greatest common factor of 50552550 and 450.
450
What is the highest common factor of 859180 and 182875?
665
Calculate the greatest common factor of 134741065 and 1615.
1615
Calculate the greatest common divisor of 98377341 and 3.
3
What is the highest common factor of 29302819 and 273?
91
What is the greatest common factor of 128 and 67635456?
128
What is the highest common factor of 62916820 and 10?
10
Calculate the greatest common factor of 1164 and 620856.
12
What is the greatest common divisor of 278462939 and 41?
41
What is the greatest common factor of 820517415 and 15?
15
Calculate the highest common divisor of 875 and 685895875.
875
Calculate the greatest common factor of 21232 and 272.
16
Calculate the greatest common divisor of 19837080 and 5880.
120
What is the greatest common factor of 216 and 18026037?
27
What is the greatest common divisor of 26471060 and 15785?
385
What is the highest common divisor of 6 and 28033806?
6
What is the highest common divisor of 15979 and 4227707?
841
Calculate the greatest common factor of 629376 and 330.
66
What is the greatest common divisor of 1304 and 49387044?
652
Calculate the greatest common divisor of 120 and 8955210.
30
What is the highest common factor of 2794 and 12227179?
127
Calculate the highest common factor of 276500 and 12166.
1106
What is the highest common factor of 36627 and 14093817?
1263
What is the highest common factor of 981809 and 6?
1
Calculate the greatest common factor of 226 and 22864.
2
Calculate the highest common factor of 106 and 17914742.
106
Calculate the highest common divisor of 536 and 1308192.
8
What is the greatest common factor of 297948 and 10248?
84
What is the greatest common divisor of 36662055 and 195?
15
Calculate the highest common divisor of 30647529 and 99.
99
Calculate the greatest common divisor of 57 and 3431808519.
57
Calculate the highest common factor of 14201 and 47102.
11
What is the highest common factor of 3460 and 182060?
20
What is the greatest common factor of 90988196 and 13572?
1508
Calculate the greatest common divisor of 5409984 and 93429.
4449
What is the highest common divisor of 908 and 161479628?
908
Calculate the greatest common factor of 13023894 and 65.
13
Calculate the highest common factor of 177649605 and 70.
35
What is the highest common divisor of 349 and 10898223?
349
What is the highest common factor of 22052270 and 815?
815
What is the highest common divisor of 410472 and 204?
12
What is the greatest common divisor of 1304760 and 7719?
249
What is the greatest common factor of 8221138 and 87203?
3007
Calculate the highest common divisor of 1954746 and 13356.
954
What is the greatest common factor of 108072 and 260376?
456
What is the greatest common divisor of 119168 and 31046400?
6272
Calculate the greatest common factor of 360383 and 457606.
731
What is the highest common factor of 1500 and 453100?
100
Calculate the greatest common factor of 18939 and 1062354.
177
Calculate the greatest common divisor of 2820447 and 54.
27
Calculate the greatest common divisor of 16119662 and 7046.
26
What is the highest common factor of 9911661 and 155?
31
What is the greatest common divisor of 1421181 and 3078?
171
What is the highest common divisor of 16702 and 3384541?
1193
Calculate the greatest common factor of 11495874 and 646.
38
What is the greatest common divisor of 1717885 and 6555?
95
What is the greatest common divisor of 2862231 and 516427?
8753
Calculate the highest common factor of 207253 and 3151.
23
What is the highest common divisor of 2305236 and 3096?
12
Calculate the highest common factor of 33 and 50425566.
3
Calculate the highest common divisor of 693563957 and 277.
277
Calculate the greatest common factor of 1147615 and 140.
35
What is the highest common factor of 51057 and 64575759?
5673
What is the greatest common divisor of 79643220 and 70?
10
Calculate the highest common divisor of 805196 and 460884.
772
Calculate the highest common factor of 265670 and 30.
10
What is the highest common divisor of 1450 and 184033362?
58
Calculate the highest common factor of 42108 and 322212.
132
What is the greatest common divisor of 20226572 and 348?
116
Calculate the highest common divisor of 11520 and 69609.
3
Calculate the greatest common factor of 381151 and 42651.
677
What is the highest common factor of 7931 and 479259?
1133
What is the greatest common factor of 8625 and 75279?
69
What is the greatest common divisor of 5887340 and 19?
19
Calculate the greatest common factor of 526362 and 7622.
74
Calculate the highest common factor of 83721 and 493726.
43
What is the greatest common factor of 190 and 5907290?
190
Calculate the greatest common factor of 178245460 and 228.
76
What is the highest common divisor of 1845617 and 17513?
211
Calculate the highest common divisor of 146016270 and 300.
30
What is the greatest common factor of 234221 and 302419?
559
Calculate the highest common divisor of 1405 and 19221805.
1405
Calculate the greatest common factor of 88662987 and 228.
57
Calculate the greatest common factor 